e factors of (1 - -211)/(3/(12/8)).
2, 53
Let l = 3 - -4. Let b(p) = -p**2 + 5*p + 9. Let n be b(l). Let z(a) = -a**3 - 4*a**2 + 2*a - 5. What are the prime factors of z(n)?
2, 5
Let y = -18 + 27. What are the prime factors of 304/y + (-2)/(-9)?
2, 17
Let r(o) = -o**3 + o**2 + o + 22. Let i be 0/2*(5 + -4). List the prime factors of r(i).
2, 11
Suppose 0 = 4*b + 2*i - 108, -2*b = -3*i - 33 - 13. Let m = 51 - b. What are the prime factors of m?
5
Suppose -2*y = 2*y - 32. Suppose g = -g + y. Suppose -2*o = g*q - 32, 3*o - 8 = -2*q + 4*o. List the prime factors of q.
2, 3
Suppose -c + 51 = 2*u, -3*c = 2*u + c - 54. What are the prime factors of u?
5
Suppose 45 = -4*k + 185. Suppose -1 = -5*s - 3*r + 34, -5*s = -3*r - k. Suppose 2*f - d - 19 = 0, s*f - 4*d - 55 = 2*f. What are the prime factors of f?
7
Suppose 5*y + 9 = 34. Suppose 0*f - y*f - o = -16, o - 4 = -f. List the prime factors of (2 - 26/(-6))*f.
19
Suppose -2*k - 5*w = -87, 4*k = -4*w + 177 - 9. What are the prime factors of k?
41
Let h = 120 - 55. List the prime factors of h.
5, 13
Suppose 2 = n, n + 2 + 1 = 5*q. Let t(g) = q - 5*g**2 + 2 - 4*g + g**3 - 2*g**3. List the prime factors of t(-4).
3
Suppose -2*l + k - 157 = 0, -5*l - 305 - 100 = -5*k. What are the prime factors of l/(-8) + 3/(-2)?
2
Suppose 200 = 4*a - 2*b, -4*b + 114 + 36 = 3*a. Suppose 0 = -4*x - x + a. List the prime factors of x/5 + (0 - 0).
2
Let r be (5 - 42)*(2 - 0). Let t = r - -53. Let j = -2 - t. List the prime factors of j.
19
Let c = -4 + 9. Suppose b - 20 = 3*l - 72, 0 = -l + c*b + 22. What are the prime factors of l?
17
Suppose -2*v - 5 = 4*f - 5*f, -5*f - 2*v = -61. Suppose 0 = 2*g - 9 - f. What are the prime factors of g?
2, 5
Let i(c) be the first derivative of c**3/6 + 9*c**2/2 - 2*c - 2. Let n(d) be the first derivative of i(d). List the prime factors of n(-7).
2
Let q be (-6)/(3/(-18)*-3). Let y be (q/1)/3 + -1. Let l = y + 13. What are the prime factors of l?
2
Suppose 0 = -4*i + 3*i + 14. Let l = -8 + i. What are the prime factors of l?
2, 3
Let d(w) = 3*w + 2. What are the prime factors of d(13)?
41
Suppose -60 = 3*o + 144. Let p = o - -128. Suppose -2*l + 5*l = q + 45, -5*q - p = -4*l. List the prime factors of l.
3, 5
Let v = 4 + 70. What are the prime factors of v?
2, 37
Let l(s) = -2*s**3 + s**3 + 1 + 4 - 2 + 5*s**2 + 7*s. List the prime factors of l(6).
3
Let p = 14 + -12. Suppose k + p*k = 30. What are the prime factors of k?
2, 5
Suppose -3*o = -10 - 5. Suppose o*n - n - 24 = 0. List the prime factors of n.
2, 3
Suppose 4*u + 8*g - 60 = 4*g, -4*u + g = -80. Let c = 33 - u. What are the prime factors of c?
2, 7
Suppose 0 = 3*z - 5*z + 14. Suppose 0 = 2*i - z*i + 4*q - 12, -15 = -2*i - 5*q. Suppose i = 4*o - 5*o + 4. List the prime factors of o.
2
Let j(a) = a**2 + 4*a + 4. Let b be j(-4). Suppose x - 50 = -b*x. List the prime factors of x.
2, 5
Suppose -5*f - 4*l = -35, -6*l + 37 = 4*f - l. What are the prime factors of f?
3
Suppose -o = 5*p - 21, 0 = -2*o - 3*p + 2*p + 51. What are the prime factors of o?
2, 13
Suppose -4661 = -27*u - 125. List the prime factors of u.
2, 3, 7
Suppose 3*w + 380 = 8*w. Suppose 4*k - w = -2*i - 14, 0 = 5*k + 4*i - 79. List the prime factors of k.
3, 5
Let d = 377 - 203. List the prime factors of d.
2, 3, 29
Let l be ((-3)/(-2) + -2)*0. Let o = 1 + l. What are the prime factors of (9/6)/(o/8)?
2, 3
Let z(q) = 2*q**3 + q**2 + 121. What are the prime factors of z(0)?
11
Suppose -12*q = -8*q. Suppose 3*n = -4*v + 169, v + q*n - n - 51 = 0. What are the prime factors of v?
2, 23
Let n(a) = 3*a - 13. What are the prime factors of n(14)?
29
Let i = 3 - -4. Suppose 4*l + 6 = n, -2*n - 2*l = -i*n + 12. Suppose 5*p - 5*c = 65, -n*c = -6*p + 2*p + 46. What are the prime factors of p?
2, 5
Let m(b) = -6*b + 1. What are the prime factors of m(-10)?
61
Let r(m) = -m - 1. Let f(z) = -5*z - 2. Let v(d) = f(d) - 4*r(d). Let a be v(0). Suppose -2*s - 2*s - a = 2*j, 2*s - 24 = 4*j. What are the prime factors of s?
2
Let s(k) be the third derivative of k**6/120 - k**5/20 + k**4/8 - 2*k**2. Let q(h) = h**2 + 6*h + 3. Let u be q(-6). What are the prime factors of s(u)?
3
Let z(i) = i**2 + 5*i + 11. What are the prime factors of z(-9)?
47
What are the prime factors of (-1 - 12)/(22/(-132))?
2, 3, 13
Let w(g) be the third derivative of g**5/30 + g**4/12 + 2*g**2. List the prime factors of w(-3).
2, 3
Let i = 68 - 38. What are the prime factors of i?
2, 3, 5
Suppose 0 = -r - 0*r - 6. What are the prime factors of r/(-4)*(-4)/(-3)?
2
Let p = -6 - -4. Let m(l) = 3*l**2 - 4*l - 3. What are the prime factors of m(p)?
17
Let l be (-2 - (-8)/2) + 58. Suppose -b - 2*b = -4*a - 44, 0 = 2*b + 5*a - l. Suppose -b = -x - 8. List the prime factors of x.
2, 3
Let n = 10 + -3. What are the prime factors of n?
7
Let o(h) = -h + 4. Let c be o(2). Suppose -p - 4*u = 12, -2*p - c = -p + 2*u. What are the prime factors of p?
2
Suppose -a + 24 = c, -2*a - 5*c = a - 74. List the prime factors of a.
23
List the prime factors of (-2)/6 + (-1212)/(-18).
67
Let g be (-256)/24*6/4. Let f = 2 - g. List the prime factors of f.
2, 3
Suppose 3*d - 8*d + 35 = 0. List the prime factors of d.
7
Let x(k) = -2 + 0*k + 2*k + 0. Let l(g) = g + 1. Let u(t) = -3*l(t) + x(t). What are the prime factors of u(-9)?
2
Suppose -12 = 3*i - 0. List the prime factors of i/(-2)*(14 - 0).
2, 7
Let l = -188 + 287. List the prime factors of l.
3, 11
Let j(p) = -p**2. Let f(n) = -2*n**2 + 3*n - 17. Let i(r) = f(r) - 3*j(r). What are the prime factors of i(6)?
37
Suppose -2*w + 3*n + 86 = -n, -w - 2*n = -35. What are the prime factors of w?
3, 13
Let y(n) = -n**3 + 5*n**2 + 8*n - 9. Let q be y(6). Let i(w) = -w**3 + 3*w**2 + 5*w - 4. List the prime factors of i(q).
11
Let o(t) = t**3 - 2*t**2 + t + 2. Let d(h) = -h**2. Suppose 3*x + b + 3*b = 10, 3*b = 5*x + 22. Let v(p) = x*d(p) + o(p). What are the prime factors of v(2)?
2, 3
Suppose -164 = s - 5*s. What are the prime factors of s?
41
Let i(w) = 13*w + 10. Let m(s) = -9*s - 7. Let c(l) = -5*i(l) - 7*m(l). Let j be c(-7). Let h = j - 3. List the prime factors of h.
2, 5
Let o be 3/9 - 40/(-15). Let y be -5*(24/(-10))/3. Suppose m = -o*t + 19, 3*m = -t + y*t - 15. List the prime factors of t.
2, 3
Suppose -x - 3 = -i - 3*x, -i - 3*x = -6. Let v = i - -12. What are the prime factors of v?
3
Let i(y) = -y**2 + 5*y + 1. Let p be i(8). Let h = p - -12. Let w = h + 15. List the prime factors of w.
2
Suppose -4*x + 40 = -3*z, z - 2*x = -3*x - 4. List the prime factors of (-2)/4 - 116/z.
2, 7
Let z(l) = l**3 - 6*l**2 + 7*l - 1. Let n(a) = -83*a**2 - 2*a + 1. Let v be n(1). Let b be (-6)/10 + v/(-15). List the prime factors of z(b).
3
Let a be 9*-2*4/(-12). Suppose 0*c = c - a. Suppose c = 2*w - 4. List the prime factors of w.
5
Let z = -14 - -158. What are the prime factors of z?
2, 3
Let y be (-70)/(-4) - (-6)/(-4). Suppose -2*d = -d - y. List the prime factors of d.
2
Suppose 5*f = 613 - 78. What are the prime factors of f?
107
Let i = -152 - -337. List the prime factors of i.
5, 37
Let d = 107 + -97. List the prime factors of d.
2, 5
Let p = 207 - 147. List the prime factors of p.
2, 3, 5
Let k be 0/(3 + -2 + -2). Suppose 30 = 4*u + 3*b, -5*b = 2*u - k - 8. What are the prime factors of (-5)/(5/3) + u?
2, 3
Suppose 2*b = 2*p - 8, -p + 3*b - 2 = -b. List the prime factors of (7/2 + -1)*p.
3, 5
Let d(r) = r + 5. Let a be d(0). Let w be a/3*-2*-3. List the prime factors of (-6)/10 - (-106)/w.
2, 5
Let m = -24 + 29. List the prime factors of m.
5
Suppose 5*u = 8*u - 3. Let o = u - -13. What are the prime factors of o?
2, 7
Suppose -5*c + 3*o + 46 = 0, -5*c + 40 = -4*o - 8. Suppose 5*v = 12 - 2. Suppose -v*j + 0*j + c = 0. List the prime factors of j.
2
Let s(j) = -18*j + 6. What are the prime factors of s(-4)?
2, 3, 13
Suppose -5*g = -3*c - 50, 3 = g + 3*c - 25. What are the prime factors of g?
13
Let v(n) = n**3 - 3*n**2 - 4*n - 6. List the prime factors of v(5).
2, 3
Let c be (-2)/(-5) - (-834)/15. Let k = c + -24. List the prime factors of k.
2
Suppose 3*s - 9 = -2*v, -4 = -2*s - 2. Suppose -5*b - 4 = -2*y + 14, v*b + 12 = 0. List the prime factors of (2 - y)/(8/24).
3
Let i = 70 + -36. List the prime factors of i.
2, 17
What are the prime factors of (-15 + 6)*(194/(-6) - 1)?
2, 3, 5
Suppos